nder when 153 is divided by w(-15)?
13
Calculate the remainder when 2271 is divided by (-14 - -5)/3 + 22.
10
What is the remainder when 1/2 - 422/(-4) is divided by (-2)/((-6992)/464 - -15)?
19
Suppose 4*h - 6 = 10. Suppose 24*y = 33*y + 1476. Let i = -153 - y. Calculate the remainder when i is divided by h.
3
Suppose -4*t + 6*w = 9*w - 192, 4*t + 4*w - 196 = 0. Let p(x) be the third derivative of -x**4/6 + x**2. What is the remainder when t is divided by p(-4)?
13
Let m be (9 - -8) + -7 + (-1 - 3). Calculate the remainder when m + 134 + 0 + 6/3 is divided by 37.
31
Let i be 5*(-6)/(-5) + -3 - 34. Let b = -25 - i. Suppose -m - 110 = -b*m. Calculate the remainder when m is divided by 12.
10
Suppose -769 = -29*z - 49*z + 13661. Calculate the remainder when z is divided by (0 + -2)*189/(-6).
59
Let q = 83 - 59. Calculate the remainder when q - (-1 + 3 + (-2 - 0)) is divided by 23.
1
Suppose 5*s = 5*u + 34 - 4, -4*s + 9 = -u. Let i be (u/10)/((-5)/420). Suppose q + 0 = -1, -2*q = -2*v + i. Calculate the remainder when 79 is divided by v.
19
Let f = -197 + 208. Let t = f + -5. Calculate the remainder when 21 is divided by t.
3
Let p = -106 - -381. Suppose 0 = -3*y - 4 + 1, -y + p = 4*d. Calculate the remainder when d is divided by 15.
9
What is the remainder when (-27462)/(-207) + 2/6 is divided by 40?
13
Let r be (-2)/(-3) - 125/3. Let i = -16 - r. Suppose 29*t = 70*t + 184*t - 21825. What is the remainder when t is divided by i?
22
Let d = -11866 - -11908. Suppose -4*l = -0*p - 4*p - 12, l - 5*p + 1 = 0. Calculate the remainder when d is divided by l.
2
Suppose 360*p - 102 = 205 + 1133. Suppose 0 = -5*v + 9 + 6. Suppose 4*d - s = 34, 0*d - 5*d - v*s = -51. Calculate the remainder when d is divided by p.
1
Let s(w) = -w**3 + 5*w**2 + 17*w - 17. Let c = -334 + 340. What is the remainder when s(c) is divided by 27?
22
Let j = 174 - 110. Suppose 5*g - 4*i = -5*i + j, -5*i = 4*g - 47. Let z(a) = -a + 10. What is the remainder when g is divided by z(7)?
1
Let b(s) = 24*s**2 + 28*s - 331. Calculate the remainder when b(11) is divided by 28.
25
Let r = 88 + -88. Let s = 27 - 23. Suppose 4*y - 4 = r, -2*j - s*y = -280 - 30. Calculate the remainder when j is divided by 12.
9
Let z(t) = -25*t - 373. What is the remainder when 104 is divided by z(-16)?
23
Suppose 9*x - 7*x - 26 = 0. Suppose 6*k = -k + 84. What is the remainder when (-6)/(-2)*92/k is divided by x?
10
Suppose -39*w + 6 = -36*w. What is the remainder when 131 is divided by (33/w)/1*(22 - 20)?
32
Let r(h) = -h + 11. Let q = -32 - -29. Let u be q/((-3)/(-2)) - (-250)/(-25). What is the remainder when 68 is divided by r(u)?
22
Suppose -n + 21*n = -8040. Let l = 442 + n. Calculate the remainder when 557 is divided by l.
37
Let g be -6 - (34/(-4) - 10/20). Let k = -16 + 21. Suppose -3*i = 2*q - 37, -g*i + 110 = k*q + i. Calculate the remainder when q is divided by 9.
8
Suppose 9*f = 9*f - 12*f + 228. What is the remainder when 127 is divided by f?
13
Let u = 9959 - 9768. Calculate the remainder when 554 is divided by u.
172
Suppose 387*c = 383*c + 288. Suppose -2*q + 6*t = 10*t - c, -q - 4*t = -34. Calculate the remainder when q is divided by 8.
6
Suppose 3*b = 2*l - 547, l - 4*b = -3*l + 1084. Suppose -6*u - 4232 = -22*u - 3512. What is the remainder when l is divided by u?
41
Let d(h) = h**2 + 20*h + 65. Suppose -3*u - 63 = 3*a, 63 = -5*u + 5*a - 52. Let l = 14 - -2. What is the remainder when d(u) is divided by l?
13
Let v(l) = 2*l**2 + 19*l - 51. Let u be v(-11). Calculate the remainder when (-3)/u + 11/((-330)/(-1225)) is divided by 14.
13
Suppose 5*m = 5*f - 35, 45 = -3*m - 0*f - 5*f. Let i(s) = 5*s**2 - 4*s + 1. What is the remainder when i(4) is divided by (-172)/m + 5/(-25)?
14
Let n(d) = 3*d + 2. Let j be n(0). Suppose j*x - 82 = 3*b, 0*x = 3*x - 4*b - 125. Suppose -6*u - 128 + 296 = 0. What is the remainder when x is divided by u?
19
Let y(o) = 69*o + 170. Let j(x) = -203*x - 509. Let d(f) = 6*j(f) + 17*y(f). What is the remainder when 219 is divided by d(-4)?
11
Let o = 1782 + -1691. What is the remainder when o is divided by 59?
32
Suppose 0 = 2*s - 2*a - 1178, -1752 = -3*s + 10*a - 12*a. Let y = -493 + s. What is the remainder when y is divided by 25?
18
Calculate the remainder when (-1 - (-1287 - (2 - -1))) + (-6)/2 is divided by 28.
26
Let r(a) = 13*a - 57. Let l be r(5). Suppose -4*p - 16 = 0, 2*o + 11*p - 124 = l*p. What is the remainder when o is divided by 14?
12
Let c(a) = -3 + 0 - 8 + a**2 + 2. Let s be c(-9). Suppose -3*l - 3 = -s. What is the remainder when l is divided by 8?
7
Suppose 43*o - 114651 = 24*o + 10*o. Calculate the remainder when o is divided by 182.
181
Suppose 53*c - 1187 = 1322 - 336. Calculate the remainder when 1140 is divided by c.
33
Let m(i) = 15*i - 1472. Calculate the remainder when 3065 is divided by m(99).
10
Let j = 99 - 85. What is the remainder when 238 is divided by (-2)/j - 17548/(-287)?
55
Let y be (-5)/15 + (-4086)/(-27). Suppose 0 = -18*r + y - 25. What is the remainder when 19 is divided by r?
5
Suppose 0*z = -3*z - 18. Let o be ((-8)/6)/(2*(-1)/z). Calculate the remainder when 44 is divided by (-4 + 20/6)/(o/54).
8
Let i = -362 + 576. What is the remainder when i is divided by (-2832)/(-156) + ((-112)/52 - -2)?
16
Suppose 4*r - 8 - 8 = -5*t, 0 = -t - 2*r + 2. Let n be (8 - -1)*(-4)/6. Let j(x) = -2*x - 6. What is the remainder when j(n) is divided by t?
2
Suppose 183 = i + 140. Let d = 119 - i. What is the remainder when d is divided by 26?
24
Let s = -2 - 2. Let f(x) be the second derivative of -x**4/12 - x**3 + x**2 - 1671*x. Calculate the remainder when 19 is divided by f(s).
9
Let d be 16/48 - 263/(-3). Let z = -56 + d. Let t = z - 13. What is the remainder when t is divided by 5?
4
Let z be 2 - (-37 + 20/5). Suppose -z + 14 = -v + 4*r, -3*v + 71 = -4*r. Calculate the remainder when 93 is divided by v.
18
Let h = -5544 - -6198. What is the remainder when h is divided by 326?
2
Let w be (-6 - 22 - -4)/((-1)/(-6)). Let b = w - -154. What is the remainder when b is divided by 2?
0
Let s = 2555 + -2487. Calculate the remainder when 2103 is divided by s.
63
Let m be (4/(-6))/((-17)/51). Suppose -3*p + 5 = m*g + 17, -4*p + 52 = -3*g. Calculate the remainder when 45/(-6)*8/g is divided by 2.
1
Let k(m) be the second derivative of 2*m**3/3 - 11*m**2 + m. Let y(n) = -n**2 + 15*n - 47. Let v be y(8). Calculate the remainder when 39 is divided by k(v).
11
Suppose -4*v - 4 = 8, v = -3*p - 12. Calculate the remainder when 147 is divided by (-1 - -35) + (12/p - -3).
15
Let y be 0 - (1 + (-22)/2). Suppose y*d = 5*d + 75. Calculate the remainder when 4 - (-33)/(-6) - 565/(-10) is divided by d.
10
Let k be (30/(-18))/((-2)/6). Suppose -158 = -3*b + k*r, -5*b + 129 + 123 = 3*r. What is the remainder when b is divided by (6 - -2) + 140/(8 - 1) + -10?
15
Suppose -21 = -2*x - 2*q - 3, -4*q + 20 = 0. Suppose 0 = 4*f - x*v - 256, 108 = 3*f + 3*v - 72. What is the remainder when f is divided by (15 - 9) + 77/11?
10
Suppose 0 = -47473*u + 47568*u - 20140. Calculate the remainder when u is divided by (1 - -11) + -2 + 2.
8
Let v(d) = -d**3 - 86*d**2 - 7*d - 503. What is the remainder when 422 is divided by v(-86)?
26
Let g = 50 + -42. Calculate the remainder when 259 is divided by g.
3
Let s(k) be the first derivative of k**3/3 - 19*k**2 - 205*k - 99. What is the remainder when s(44) is divided by 20?
19
What is the remainder when 57*(-6)/(-36)*(77 + 11) is divided by 79?
46
Suppose 11025*d = 11010*d + 22605. What is the remainder when d is divided by 138?
127
Suppose 0 = -28*b + 45785 - 17589. What is the remainder when b is divided by 72?
71
Let n(b) = -1. Let p = 37 - 36. Let k(q) = 3*q - 23. Let x(y) = p*k(y) - 6*n(y). What is the remainder when x(12) is divided by 8?
3
Suppose 3*x - 84 = -2*i, -2*x = i - 44 + 3. Let a(y) = -24*y - 240. Let l be a(-10). Suppose l = 4*o - 27 - 21. What is the remainder when i is divided by o?
9
Let m be 0 + (-5 + 6)*372. Suppose -8*g + m = -6*g. What is the remainder when g is divided by 48?
42
Let q(w) = -2*w + 250. Let r be q(-6). Suppose 28*s - r = 1110. What is the remainder when 290 is divided by s?
45
Let j(o) = 116*o**3 - 2*o**2 + 6*o - 11. Let z(d) = d**2 + 7*d - 42. Let w be z(4). Calculate the remainder when j(w)